lculate the greatest common divisor of 42 and p.
21
Let x = -22 + 43. What is the highest common divisor of x and 3?
3
Let h be 8*2/(-16)*-4. Let p be h - 3 - (-1 - 30). Calculate the highest common factor of p and 4.
4
Let g be 3/1 + -4 + 4. Suppose 0*w = g*b + 4*w - 11, -5*b - 25 = -2*w. Let x be b/6 + (-182)/(-4). What is the highest common divisor of 5 and x?
5
Let m be 9*(-12)/27*-6. Let u = 11 - 5. What is the greatest common divisor of u and m?
6
Let z be 4/(-4) - (-4)/2. Let m = z + 11. Calculate the highest common factor of m and 36.
12
Let w be (0 + -106)/(-2) - 2. Let o = -33 + w. What is the greatest common divisor of o and 54?
18
Let r(b) = 134*b**2 + b. Let k be r(1). Calculate the highest common divisor of k and 54.
27
Let n(t) = t**3 - 10*t**2 - 11*t + 1. Let a be n(11). Suppose 3 - 2 = o. Calculate the greatest common factor of o and a.
1
Let b(r) = -r + 5*r**2 + 2 - 2*r + 0 + r**3. Let d be b(3). Calculate the highest common divisor of 26 and d.
13
Suppose 3*c + 0*c - 2*b = -44, -4*b = -4. Let u be ((-180)/c)/(3/42). Calculate the greatest common factor of u and 20.
20
Let z be -3 + (2 - 1) + 5*4. Calculate the highest common factor of 9 and z.
9
Let b(g) be the third derivative of -g**6/120 + g**5/10 - g**4/8 - 5*g**3/6 - g**2. Let x be b(4). What is the greatest common factor of x and 30?
15
Suppose -5*y = -56 - 9. Let k = y - 7. Calculate the highest common factor of k and 60.
6
Let w = 71 + -54. What is the greatest common factor of 68 and w?
17
Let r(h) = -h**3 - 6*h**2 + h + 8. Let t be r(-6). Let o(d) = d**3 - 5*d**2 + 2*d + 18. Let k be o(0). What is the highest common factor of t and k?
2
Let s = 3 + 0. Suppose 0*m - s = -m. Suppose -2*q = -5*g - 45, -4*q + 0*g = m*g - 25. What is the highest common factor of q and 25?
5
Let r be (30 + -4)*3/6. What is the highest common factor of r and 117?
13
Suppose 3*g + 6 + 0 = 0, 3*g = 3*j - 15. What is the greatest common divisor of j and 3?
3
Let t = 126 + -116. Calculate the highest common factor of t and 70.
10
Let k = 83 - 41. Calculate the highest common divisor of k and 6.
6
Let k be (-1 - -2) + (20 - 0). Calculate the highest common factor of k and 3.
3
Let k(l) = -l + 121. Let a be k(0). Let u(x) = 2*x**2 - 10*x - 1. Let n be u(6). Calculate the highest common factor of a and n.
11
Let p(q) = q**3 + 3*q**2 - 2*q + 2. Let f be p(-5). Let n be (-1)/(-3 + f/(-13)). Let r = n - 5. What is the highest common factor of r and 72?
8
Suppose -5*x + 3*x = -28. Let l be 0 - (52/(-24) + (-2)/(-12)). Calculate the greatest common divisor of x and l.
2
Let y be -12*2/(8/(-6)). Let r(g) = 3*g**2 + 3*g + 18. Let h be r(-4). Calculate the greatest common factor of h and y.
18
Let b = 107 - 75. Let i(s) = 4*s - 4. Let j be i(6). Suppose 4*f - 11 = -5*d, f - 5*f + j = -4*d. What is the highest common divisor of f and b?
4
Suppose 6 = 3*m, z + m + 4*m - 30 = 0. Let k = -18 + 28. Calculate the highest common factor of k and z.
10
Suppose 0 = 4*b - 25 - 23. Let c = 45 - 27. Calculate the greatest common divisor of b and c.
6
Let s(y) be the third derivative of y**6/120 + 7*y**5/60 + y**4/6 - y**3/3 + 3*y**2. Let q be s(-4). Calculate the highest common factor of q and 45.
15
Let m(d) = 8*d + 33. Let u be m(6). What is the greatest common divisor of u and 9?
9
Suppose -2*c + 380 = -3*v, -c + 121 = 2*v - 69. Calculate the greatest common factor of c and 76.
38
Let b = 4 - -1. Let v = b - -8. Let j = 39 - v. What is the greatest common divisor of j and 13?
13
Let s(t) = 29*t + 4. Let q be s(1). Calculate the greatest common factor of q and 11.
11
Suppose 4*d - 8 = 16. Let v(a) = -3*a - 2*a + 2*a + 2*a**2 + 1. Let h be v(d). Calculate the greatest common divisor of h and 22.
11
Let u(t) = -t**2 + 7*t - 4. Let n be u(5). Let v(l) = -4*l - 18. Let w be v(-5). What is the greatest common divisor of n and w?
2
Suppose i - 4 = -3*i - 5*b, 4*i + b = -12. Let y be 15*(-3)/12*i. What is the greatest common divisor of 105 and y?
15
Let m be (-10)/15 + 5/3. Calculate the greatest common factor of m and 8.
1
Suppose g + 81 = 2*p - 2*g, -p + 73 = 5*g. Calculate the highest common factor of 32 and p.
16
Suppose 4*d = 60 + 4. Calculate the highest common divisor of 64 and d.
16
Let b(z) = 12*z**2 + 2 - 3*z - 6*z**2 + z**2. Suppose t + 3*s = -10, -5*t + 5*s + 35 - 5 = 0. Let k be b(t). Calculate the greatest common factor of 60 and k.
12
Let p be 3/7 + (-8)/(-14). Let a be p*-2*(-3 - -5). Let j be 10/(a/10*-1). What is the greatest common divisor of j and 5?
5
Let y = 45 + -35. What is the highest common factor of 70 and y?
10
Let x = 21 + -3. What is the highest common factor of 9 and x?
9
Suppose 5*w + 0*w = -10. Let b be 42/9*(w + 14). Suppose 4*f - 56 = -5*c, 7*c - 4*c - 56 = -4*f. What is the greatest common divisor of f and b?
14
Suppose -36 = 7*o - 3*o. Let w = -9 - o. Suppose w = x + 4*x - 55. Calculate the greatest common divisor of x and 121.
11
Let v be (-1 - -348) + (2 - 3). Suppose -4*z = -226 - v. Calculate the greatest common factor of 13 and z.
13
Let t be 0/1 + 25 + 3. Suppose 2*j - t = -0*j. Suppose -3*d - 4*z + 374 = 0, 0 = -2*d - 5*z + 133 + 114. What is the greatest common divisor of d and j?
14
Suppose -3*u + 4*u - 720 = 0. Let r be 8/(-28) - u/(-21). Calculate the highest common factor of r and 17.
17
Let p(g) = g**3 - 14*g**2 - 4*g - 1. Let i be p(8). Let d = -84 - i. What is the highest common factor of 37 and d?
37
Suppose -68 = -w + 44. Suppose 4*g = -5*d + 103, 5*d - 2*g = -3*g + w. Suppose -x = -d + 2. What is the greatest common factor of 3 and x?
3
Suppose -141 - 277 = -b. Calculate the highest common factor of b and 38.
38
Suppose 163 = 4*q - 61. Let u = -17 - -17. Suppose -14*v + 12*v + 16 = u. What is the highest common factor of v and q?
8
Suppose -175 = -2*j + 105. What is the highest common factor of j and 20?
20
Let z = -26 + 44. Let h = -13 + 5. Let w = h + z. Calculate the highest common divisor of 60 and w.
10
Let u = 12 - -140. What is the highest common factor of 19 and u?
19
Let p(b) = 8*b - 13. Let r(u) = 2*u - 10. Let q be r(9). Let j be p(q). Calculate the greatest common divisor of 17 and j.
17
Let z(u) = -29*u**3 + u. Let a be z(-1). Suppose -2*m + 6 = -a. Calculate the greatest common factor of m and 17.
17
Suppose -8*l = -6*l - 18. What is the highest common factor of 36 and l?
9
Let d be ((-1)/(-2))/(4/384). What is the greatest common divisor of 6 and d?
6
Let p(w) = w**3 - 6*w**2 + w - 2. Let f be p(6). Let n(t) = t - 3. Let s be n(f). Let r = 5 + s. What is the highest common factor of 15 and r?
3
Let p(h) = 1 - 1 - h + 1. Let k be p(-4). Let x(q) = -q**2 + 8*q - 7. Let j be x(k). Calculate the greatest common divisor of j and 8.
8
Suppose -c - 4*c = -10. Suppose 0 = 5*z + 25, -6*z + z = 4*h + 37. Let u = h + 4. What is the highest common factor of c and u?
1
Let l be 1/((-6)/8)*-3. Suppose -l*n + 74 + 6 = 0. What is the highest common factor of n and 5?
5
Let b be (-89)/(-5) + (-7)/(-35). Calculate the highest common factor of 6 and b.
6
Let m = 6 - 2. Let c be 21*((-96)/(-14))/m. Let r = 35 + -23. What is the greatest common divisor of r and c?
12
Let p(j) = -32*j - 3. Let h be p(-8). Suppose -h = -4*x - 77. What is the highest common divisor of 11 and x?
11
Let h be -6*(-3)/9 + 23 + 2. Calculate the greatest common factor of 216 and h.
27
Suppose 3*b - g - 37 = g, 53 = 4*b + g. Suppose 409 = 4*n + 45. What is the greatest common divisor of b and n?
13
Let b(y) = 0*y + 0*y**3 + 21*y**3 - 4*y + 3*y. Let m be b(1). Calculate the highest common factor of 10 and m.
10
Let c(u) = -10*u - 1. Suppose 2 = l + q, 3*l - 5*q + 34 = -0*q. Let b be c(l). Calculate the highest common factor of 29 and b.
29
Let d = -16 + 8. Let h be ((-3)/1)/(3/d). What is the greatest common factor of 4 and h?
4
Let s(n) = n**3 - 4*n**2 + 4*n - 3. Let z be s(3). Let u be (12 - z)*(-76)/(-8). Calculate the highest common factor of 19 and u.
19
Suppose -f = -5*u + 20, -2*f - 6 = 3*u - 31. Suppose 0 = -4*d - 3*q + 2*q + 2, f*d - 11 = 3*q. Calculate the greatest common divisor of d and 7.
1
Let x(m) = -3*m**3 + m**2 + 2*m. Let l be x(2). Let s be (l/10)/((-8)/40). What is the highest common factor of 1 and s?
1
Let d be (-1 - 0)*14/(-2). Calculate the highest common divisor of d and